git of 194651?
9
What is the thousands digit of 719002?
9
What is the hundreds digit of 1681538?
5
What is the units digit of 721954?
4
What is the hundreds digit of 237905?
9
What is the tens digit of 38646096?
9
What is the millions digit of 1691434?
1
What is the ten thousands digit of 106474?
0
What is the units digit of 573279?
9
What is the millions digit of 2855417?
2
What is the hundred thousands digit of 4738337?
7
What is the hundreds digit of 235315?
3
What is the units digit of 2586263?
3
What is the ten thousands digit of 1175456?
7
What is the units digit of 117938?
8
What is the millions digit of 8361073?
8
What is the units digit of 2163567?
7
What is the tens digit of 82955?
5
What is the units digit of 42375?
5
What is the hundreds digit of 2551486?
4
What is the units digit of 2010231?
1
What is the hundred thousands digit of 12717858?
7
What is the hundred thousands digit of 9441917?
4
What is the hundreds digit of 250728?
7
What is the units digit of 756450?
0
What is the tens digit of 3578710?
1
What is the hundreds digit of 8814994?
9
What is the thousands digit of 15204504?
4
What is the tens digit of 1301736?
3
What is the tens digit of 17401569?
6
What is the hundreds digit of 26857?
8
What is the ten thousands digit of 166133?
6
What is the tens digit of 661905?
0
What is the hundred thousands digit of 7336508?
3
What is the millions digit of 5057104?
5
What is the hundred thousands digit of 3093740?
0
What is the hundred thousands digit of 1564416?
5
What is the tens digit of 23184864?
6
What is the thousands digit of 341773?
1
What is the tens digit of 2587809?
0
What is the millions digit of 20352196?
0
What is the ten thousands digit of 4344274?
4
What is the tens digit of 262007?
0
What is the units digit of 21138804?
4
What is the thousands digit of 510016?
0
What is the hundred thousands digit of 12717940?
7
What is the millions digit of 3515775?
3
What is the thousands digit of 420937?
0
What is the hundreds digit of 7851416?
4
What is the hundreds digit of 140042?
0
What is the hundreds digit of 1007158?
1
What is the ten thousands digit of 7522882?
2
What is the thousands digit of 204804?
4
What is the units digit of 496282?
2
What is the thousands digit of 1480504?
0
What is the hundred thousands digit of 4884705?
8
What is the units digit of 2607845?
5
What is the units digit of 126260?
0
What is the units digit of 1608765?
5
What is the tens digit of 110313?
1
What is the hundred thousands digit of 407354?
4
What is the ten thousands digit of 321508?
2
What is the hundred thousands digit of 1043509?
0
What is the hundreds digit of 4804742?
7
What is the units digit of 354377?
7
What is the hundred thousands digit of 2605914?
6
What is the units digit of 545802?
2
What is the ten thousands digit of 168102?
6
What is the ten thousands digit of 618997?
1
What is the millions digit of 8322970?
8
What is the hundred thousands digit of 3585041?
5
What is the ten thousands digit of 32162764?
6
What is the ten thousands digit of 133181?
3
What is the thousands digit of 787686?
7
What is the thousands digit of 720737?
0
What is the hundred thousands digit of 267248?
2
What is the units digit of 388119?
9
What is the thousands digit of 347697?
7
What is the hundreds digit of 171772?
7
What is the millions digit of 19155594?
9
What is the hundreds digit of 497221?
2
What is the tens digit of 2512292?
9
What is the units digit of 2247863?
3
What is the tens digit of 31469580?
8
What is the thousands digit of 1006328?
6
What is the hundreds digit of 1162679?
6
What is the millions digit of 5576860?
5
What is the thousands digit of 837188?
7
What is the ten thousands digit of 5492620?
9
What is the thousands digit of 101837?
1
What is the tens digit of 5032734?
3
What is the thousands digit of 39078?
9
What is the units digit of 347446?
6
What is the units digit of 4262845?
5
What is the units digit of 92911?
1
What is the thousands digit of 2610624?
0
What is the tens digit of 24395?
9
What is the hundreds digit of 2214374?
3
What is the ten thousands digit of 750046?
5
What is the hundred thousands digit of 2220672?
2
What is the ten thousands digit of 10854281?
5
What is the ten thousands digit of 5772854?
7
What is the hundreds digit of 4382471?
4
What is the hundreds digit of 440709?
7
What is the ten thousands digit of 52186?
5
What is the hundreds digit of 718270?
2
What is the millions digit of 1143664?
1
What is the thousands digit of 199630?
9
What is the units digit of 62076?
6
What is the units digit of 4716?
6
What is the thousands digit of 4236718?
6
What is the hundred thousands digit of 1003136?
0
What is the hundreds digit of 25552667?
6
What is the hundreds digit of 1732158?
1
What is the tens digit of 3686784?
8
What is the units digit of 40820744?
4
What is the tens digit of 93543?
4
What is the hundred thousands digit of 231924?
2
What is the ten thousands digit of 2384634?
8
What is the hundred thousands digit of 375746?
3
What is the millions digit of 12785474?
2
What is the tens digit of 11046296?
9
What is the thousands digit of 18611?
8
What is the hundreds digit of 164966?
9
What is the units digit of 1684892?
2
What is the ten thousands digit of 8127612?
2
What is the hundreds digit of 568000?
0
What is the hundred thousands digit of 3810294?
8
What is the ten thousands digit of 8030678?
3
What is the tens digit of 10607891?
9
What is the hundreds digit of 3709509?
5
What is the units digit of 5481972?
2
What is the hundreds digit of 1154789?
7
What is the tens digit of 403801?
0
What is the units digit of 92267?
7
What is the hundred thousands digit of 121266?
1
What is the units digit of 337086?
6
What is the units digit of 682053?
3
What is the tens digit of 2299859?
5
What is the units digit of 280686?
6
What is the tens digit of 3008530?
3
What is the ten thousands digit of 1177718?
7
What is the hundred thousands digit of 182312?
1
What is the tens digit of 1779650?
5
What is the ten thousands digit of 35991?
3
What is the units digit of 147229?
9
What is the units digit of 163488?
8
What is the ten thousands digit of 7540855?
4
What is the thousands digit of 1906459?
6
What is the tens digit of 35353?
5
What is the tens digit of 315644?
4
What is the units digit of 2773722?
2
What is the hundreds digit of 274620?
6
What is the ten thousands digit of 2172103?
7
What is the units digit of 93427?
7
What is the hundred thousands digit of 2188695?
1
What is the hundreds digit of 6528812?
8
What is the hundreds digit of 188986?
9
What is the hundreds digit of 64555?
5
What is the ten thousands digit of 77858?
7
What is the thousands digit of 5030327?
0
What is the hundred thousands digit of 13829819?
8
What is the hundreds digit of 317909?
9
What is the thousands digit of 33341?
3
What is the tens digit of 7286349?
4
What is the millions digit of 21881053?
1
What is the units digit of 1978415?
5
What is the hundreds digit of 810524?
5
What is the hundred thousands digit of 6104859?
1
What is the ten thousands digit of 593168?
9
What is the ten thousands digit of 4379812?
7
What is the units digit of 638123?
3
What is the units digit of 18944?
4
What is the units digit of 2715341?
1
What is the units digit of 4419963?
3
What is the thousands digit of 148474?
8
What is the units digit of 8460798?
8
What is the ten thousands digit of 2471145?
7
What is the thousands digit of 15705484?
5
What is the tens digit of 80662?
6
What is the hundreds digit of 220450?
4
What is the ten thousands digit of 6360281?
6
What is the millions digit of 10357581?
0
What is the thousands digit of 12437956?
7
What is the units digit of 48753?
3
What is the millions digit of 4617185?
4
What is the tens digit of 7344673?
7
What is the hundred thousands digit of 1180849?
1
What is the units digit of 4891541?
1
What is the units digit of 32416?
6
What is the units digit of 11256910?
0
What is the units digit of 30513?
3
What is the millions digit of 1312757?
1
What is the hundreds digit of 29116050?
0
What is the ten thousands digit of 108250?
0
What is the tens digit of 913088?
8
What is the units digit of 179408?
8
What is the units digit of 16240361?
1
What is the tens digit of 577399?
9
What is the millions 